{"id":74,"date":"2017-06-28T16:52:46","date_gmt":"2017-06-28T16:52:46","guid":{"rendered":"http:\/\/www.freundeskreis-gsm-sha.de\/?page_id=74"},"modified":"2017-06-28T16:55:19","modified_gmt":"2017-06-28T16:55:19","slug":"freundeskreis-stellt-sich-vor","status":"publish","type":"page","link":"https:\/\/www.freundeskreis-gsm-sha.de\/?page_id=74","title":{"rendered":"Wir stellen uns vor"},"content":{"rendered":"<p>Nao \u2013 Liebling der Robotik- Arbeitsgemeinschaften oder Projekte wie Sprachf\u00f6rderung &#8211; der Freundeskreis \u201eAlte Haller Penn\u00e4ler\u201c des Gymnasiums bei St. Michael stellt sich vor<\/p>\n<p><img loading=\"lazy\" class=\"size-full wp-image-75 aligncenter\" src=\"http:\/\/www.freundeskreis-gsm-sha.de\/wp-content\/uploads\/2017\/06\/Bild-1.png\" alt=\"\" width=\"733\" height=\"675\" srcset=\"https:\/\/www.freundeskreis-gsm-sha.de\/wp-content\/uploads\/2017\/06\/Bild-1.png 733w, https:\/\/www.freundeskreis-gsm-sha.de\/wp-content\/uploads\/2017\/06\/Bild-1-300x276.png 300w\" sizes=\"(max-width: 733px) 100vw, 733px\" \/><\/p>\n<p>Alte Haller Penn\u00e4ler, was soll das sein? Das ist sicher die erste Frage, die sich jemand stellt, wenn er diese Bezeichnung f\u00fcr einen Freundeskreis h\u00f6rt. Es h\u00f6rt sich ja auch nach etwas Altem, nach etwas Uraltem an \u2013 und tats\u00e4chlich vielen an der Schule Beteiligten sagt \u201eAlte Haller Penn\u00e4ler\u201c nichts oder nichts mehr!<br \/>\nDabei ist an diesem Freundeskreis gar nichts alt, verfolgt man die von ihm unterst\u00fctzen Aktionen an der Schule. Unterst\u00fctzung kommt von dem Verein immer dann, wenn Not am Mann ist, wenn die Schule Geld braucht, um gr\u00f6\u00dfere oder kleinere Projekte zu finanzieren oder um neue Projekte zum Leben zu erwecken.<br \/>\nEin gr\u00f6\u00dferes Projekt, das vor wenigen Jahren mit einer gro\u00dfen Geldsumme unterst\u00fctzt wurde, war der Kauf des Roboters NAO. NAO ist der Liebling mehrerer Arbeitsgemeinschaften an der Schule. Er wird von Sch\u00fclern programmiert, lernt sprechen und tanzen und stellt sich regelm\u00e4\u00dfig am Tag der offenen T\u00fcr einem gro\u00dfen Publikum, n\u00e4mlich den interessierten Viertkl\u00e4sslern und deren Eltern, vor. NAO wird aber auch schul\u00fcbergreifend an anderen Haller Schulen eingesetzt und von der Kinderakademie kommen Sch\u00fcler ins Gymnasium, um erste Programmiererfahrungen zu sammeln. NAO ist also ein Highlight an der Schule, das nur mit Hilfe der Alten Haller Penn\u00e4ler zustande kam. Andere Unterst\u00fctzung erfahren Chor, Orchester, Theater f\u00fcr ihre Intensivproben oder f\u00fcr die Anschaffung von Instrumenten und Requisiten. Seminare wie die der Streitschlichter, Rhetorikkurse, Sucht- und Gewaltpr\u00e4ventionsseminare oder auch die SMV und vielerlei soziale und sportliche Projekte w\u00e4ren nicht zustande gekommen, w\u00fcrde es den Freundeskreis nicht geben. Auf Antrag unterst\u00fctzt der Freundeskreis zum Beispiel auch ben\u00f6tigte Schwimmkurse oder stellt Geld f\u00fcr spezielle Nachhilfe bereit, wie j\u00fcngst geschehen. Zwei Kindern, die eine Empfehlung f\u00fcr das Gymnasium haben, aber wegen Sprachschwierigkeiten , weil sie als Fl\u00fcchtlinge erst vor kurzem nach Deutschland kamen, konnten speziell unterrichtet werden, um sie m\u00f6glichst schnell auf den gew\u00fcnschten Lernstand zu bringen.<br \/>\nAlte Haller Penn\u00e4ler? Nichts ist alt an dem Verein. Der Freundeskreis ist eine Institution, die eine bunte Mischung kleinerer und gr\u00f6\u00dferer Projekte f\u00f6rdert und damit das Schulleben bereichert. Inzwischen geh\u00f6ren 1650 Mitglieder diesem Verein an und es gibt ihn bereits seit 60 Jahren.<br \/>\nAktuell erschien die \u201eSynthesis\u201c, die Zeitung des Freundeskreises, in der \u00fcber s\u00e4mtliche Aktionen, die an der Schule stattfinden und in der sich die Schule mit allem Neuen, was passiert und passiert ist, vorstellt.<br \/>\nDas einzige, was alt ist, ist vielleicht der Name \u201ePenn\u00e4ler\u201c, der heute nicht mehr gebr\u00e4uchlich ist und eine alte Bezeichnung f\u00fcr \u201eSch\u00fcler eines Gymnasiums\u201c bedeutet und das Alter dieses Vereins!<\/p>\n","protected":false},"excerpt":{"rendered":"<p>Nao \u2013 Liebling der Robotik- Arbeitsgemeinschaften oder Projekte wie Sprachf\u00f6rderung &#8211; der Freundeskreis \u201eAlte Haller Penn\u00e4ler\u201c des Gymnasiums bei St. Michael stellt sich vor Alte Haller Penn\u00e4ler, was soll das sein? Das ist sicher die erste Frage, die sich jemand stellt, wenn er diese Bezeichnung f\u00fcr einen Freundeskreis h\u00f6rt. Es h\u00f6rt sich ja auch nach &hellip; <\/p>\n<p class=\"link-more\"><a href=\"https:\/\/www.freundeskreis-gsm-sha.de\/?page_id=74\" class=\"more-link\"><span class=\"screen-reader-text\">\u201eWir stellen uns vor\u201c<\/span> weiterlesen<\/a><\/p>\n","protected":false},"author":1,"featured_media":0,"parent":0,"menu_order":0,"comment_status":"closed","ping_status":"closed","template":"","meta":[],"_links":{"self":[{"href":"https:\/\/www.freundeskreis-gsm-sha.de\/index.php?rest_route=\/wp\/v2\/pages\/74"}],"collection":[{"href":"https:\/\/www.freundeskreis-gsm-sha.de\/index.php?rest_route=\/wp\/v2\/pages"}],"about":[{"href":"https:\/\/www.freundeskreis-gsm-sha.de\/index.php?rest_route=\/wp\/v2\/types\/page"}],"author":[{"embeddable":true,"href":"https:\/\/www.freundeskreis-gsm-sha.de\/index.php?rest_route=\/wp\/v2\/users\/1"}],"replies":[{"embeddable":true,"href":"https:\/\/www.freundeskreis-gsm-sha.de\/index.php?rest_route=%2Fwp%2Fv2%2Fcomments&post=74"}],"version-history":[{"count":2,"href":"https:\/\/www.freundeskreis-gsm-sha.de\/index.php?rest_route=\/wp\/v2\/pages\/74\/revisions"}],"predecessor-version":[{"id":78,"href":"https:\/\/www.freundeskreis-gsm-sha.de\/index.php?rest_route=\/wp\/v2\/pages\/74\/revisions\/78"}],"wp:attachment":[{"href":"https:\/\/www.freundeskreis-gsm-sha.de\/index.php?rest_route=%2Fwp%2Fv2%2Fmedia&parent=74"}],"curies":[{"name":"wp","href":"https:\/\/api.w.org\/{rel}","templated":true}]}}