{"id":38,"date":"2016-12-18T00:16:28","date_gmt":"2016-12-18T00:16:28","guid":{"rendered":"http:\/\/freundeskreis-gsm-sha.de\/?page_id=38"},"modified":"2018-05-24T14:53:54","modified_gmt":"2018-05-24T12:53:54","slug":"beitrittserklaerung","status":"publish","type":"page","link":"https:\/\/www.freundeskreis-gsm-sha.de\/?page_id=38","title":{"rendered":"Beitrittserkl\u00e4rung"},"content":{"rendered":"<p style=\"mso-outline-level: 1;\"><!-- [if !mso]><\/p>\n\n\n\n\n\n<style>\nv\\:* {behavior:url(#default#VML);}<br \/>o\\:* {behavior:url(#default#VML);}<br \/>w\\:* {behavior:url(#default#VML);}<br \/>.shape {behavior:url(#default#VML);}<br \/><\/style>\n\n<![endif]--> <span style=\"font-family: Arial;\">Freundeskreis alter Haller Penn\u00e4ler e.V. Gymnasium bei St. Michael <\/span><\/p>\n<div class=\"Section1\">\n<form name=\"Beitrittserkl\u00e4rung Freundeskreis GSM\" target=\"_blank\">T\u00fcngentaler Stra\u00dfe 92<\/p>\n<p>74523 Schw\u00e4bisch Hall<\/p>\n<p>&nbsp;<\/p>\n<p style=\"mso-outline-level: 1;\"><span style=\"font-size: 13.5pt; font-family: Arial;\">Beitrittserkl\u00e4rung<br \/>\n<\/span><\/p>\n<p>Ich bin bereit,<\/p>\n<p>dem Freundeskreis alter Haller Penn\u00e4ler e.V., Gymnasium bei St. Michael beizutreten mit einem Jahresbeitrag von<br \/>\n10,- EUR (f\u00fcr Mitglieder mit abgeschlossener Berufsausbildung).<\/p>\n<p>Kostenfrei (f\u00fcr Mitglieder, die noch in Berufsausbildung stehen).<\/p>\n<p>&nbsp;<\/p>\n<\/form>\n<\/div>\n<div role=\"form\" class=\"wpcf7\" id=\"wpcf7-f120-o1\" lang=\"de-DE\" dir=\"ltr\">\n<div class=\"screen-reader-response\"><p role=\"status\" aria-live=\"polite\" aria-atomic=\"true\"><\/p> <ul><\/ul><\/div>\n<form action=\"\/index.php?rest_route=%2Fwp%2Fv2%2Fpages%2F38#wpcf7-f120-o1\" method=\"post\" class=\"wpcf7-form init\" novalidate=\"novalidate\" data-status=\"init\">\n<div style=\"display: none;\">\n<input type=\"hidden\" name=\"_wpcf7\" value=\"120\" \/>\n<input type=\"hidden\" name=\"_wpcf7_version\" value=\"5.5.3\" \/>\n<input type=\"hidden\" name=\"_wpcf7_locale\" value=\"de_DE\" \/>\n<input type=\"hidden\" name=\"_wpcf7_unit_tag\" value=\"wpcf7-f120-o1\" \/>\n<input type=\"hidden\" name=\"_wpcf7_container_post\" value=\"0\" \/>\n<input type=\"hidden\" name=\"_wpcf7_posted_data_hash\" value=\"\" \/>\n<\/div>\n<p><label> Nachname (Pflichtfeld)<br \/>\n    <span class=\"wpcf7-form-control-wrap text-798Nachname\"><input type=\"text\" name=\"text-798Nachname\" value=\"\" size=\"40\" class=\"wpcf7-form-control wpcf7-text wpcf7-validates-as-required\" aria-required=\"true\" aria-invalid=\"false\" \/><\/span> <\/label><\/p>\n<p><label> Geborene\/r<br \/>\n    <span class=\"wpcf7-form-control-wrap text-77Geborener\"><input type=\"text\" name=\"text-77Geborener\" value=\"\" size=\"40\" class=\"wpcf7-form-control wpcf7-text\" aria-invalid=\"false\" \/><\/span> <\/label><\/p>\n<p><label> Vorname (Pflichtfeld)<br \/>\n     <span class=\"wpcf7-form-control-wrap text-155Vorname\"><input type=\"text\" name=\"text-155Vorname\" value=\"\" size=\"40\" class=\"wpcf7-form-control wpcf7-text\" aria-invalid=\"false\" \/><\/span><\/label><\/p>\n<p><label> Geburtsdatum (Pflichtfeld)<br \/>\n    <span class=\"wpcf7-form-control-wrap text-88Geburtsdatum\"><input type=\"text\" name=\"text-88Geburtsdatum\" value=\"\" size=\"40\" class=\"wpcf7-form-control wpcf7-text\" aria-invalid=\"false\" \/><\/span> <\/label><\/p>\n<p><label> Stra\u00dfe und Hausnummer (Pflichtfeld)<br \/>\n    <span class=\"wpcf7-form-control-wrap text-901Strasse\"><input type=\"text\" name=\"text-901Strasse\" value=\"\" size=\"40\" class=\"wpcf7-form-control wpcf7-text wpcf7-validates-as-required\" aria-required=\"true\" aria-invalid=\"false\" \/><\/span> <\/label><\/p>\n<p><label> Postleitzahl (Pflichtfeld)<br \/>\n    <span class=\"wpcf7-form-control-wrap text-902PLZ\"><input type=\"text\" name=\"text-902PLZ\" value=\"\" size=\"40\" class=\"wpcf7-form-control wpcf7-text wpcf7-validates-as-required\" aria-required=\"true\" aria-invalid=\"false\" \/><\/span> <\/label><\/p>\n<p><label> Ort (Pflichtfeld)<br \/>\n    <span class=\"wpcf7-form-control-wrap text-903Ort\"><input type=\"text\" name=\"text-903Ort\" value=\"\" size=\"40\" class=\"wpcf7-form-control wpcf7-text wpcf7-validates-as-required\" aria-required=\"true\" aria-invalid=\"false\" \/><\/span> <\/label><\/p>\n<p><label> E-Mailadresse (Pflichtfeld)<br \/>\n    <span class=\"wpcf7-form-control-wrap your-email\"><input type=\"email\" name=\"your-email\" value=\"\" size=\"40\" class=\"wpcf7-form-control wpcf7-text wpcf7-email wpcf7-validates-as-required wpcf7-validates-as-email\" aria-required=\"true\" aria-invalid=\"false\" \/><\/span> <\/label><\/p>\n<p><label> Beruf<br \/>\n    <span class=\"wpcf7-form-control-wrap text-275Beruf\"><input type=\"text\" name=\"text-275Beruf\" value=\"\" size=\"40\" class=\"wpcf7-form-control wpcf7-text\" aria-invalid=\"false\" \/><\/span> <\/label><\/p>\n<p><label> Eintritt in das Gymnasium bei St. Michael<br \/>\n    <span class=\"wpcf7-form-control-wrap text-503\"><input type=\"text\" name=\"text-503\" value=\"\" size=\"40\" class=\"wpcf7-form-control wpcf7-text\" aria-invalid=\"false\" placeholder=\"Jahr, Klasse\" \/><\/span> <\/label> <\/p>\n<p><label> Austritt aus dem Gymnasium bei St. Michael<br \/>\n    <span class=\"wpcf7-form-control-wrap text-403\"><input type=\"text\" name=\"text-403\" value=\"\" size=\"40\" class=\"wpcf7-form-control wpcf7-text\" aria-invalid=\"false\" placeholder=\"Jahr, Klasse\" \/><\/span> <\/label> <\/p>\n<p><label> Ihre Nachricht<br \/>\n    <span class=\"wpcf7-form-control-wrap your-message\"><textarea name=\"your-message\" cols=\"40\" rows=\"10\" class=\"wpcf7-form-control wpcf7-textarea\" aria-invalid=\"false\"><\/textarea><\/span> <\/label><\/p>\n<p><input type=\"submit\" value=\"Senden\" class=\"wpcf7-form-control has-spinner wpcf7-submit\" \/><\/p>\n<div class=\"wpcf7-response-output\" aria-hidden=\"true\"><\/div><\/form><\/div>\n<p>&nbsp;<\/p>\n<p><FONT SIZE=\"2\">Die eingegebenen Formulardaten werden per E-Mail direkt an den Freundeskreis alter Haller Penn\u00e4ler e.V. Gymnasium bei St. Michael gesendet.<br \/>\nHinweise zur Verarbeitung Ihrer personenbezogenen Daten erhalten Sie in unserer <a href=\"https:\/\/www.freundeskreis-gsm-sha.de\/?page_id=21\">Datenschutzerkl\u00e4rung.<\/a><\/p>\n<p>Hinweis zu den &#8222;Nicht-Pflicht-Feldern&#8220;:<br \/>\nDie freiwilligen Angaben erm\u00f6glichen zum Beispiel bei Veranstaltungen des Freundeskreises eine Tischeinteilung nach Jahrg\u00e4ngen.<\/FONT><\/p>\n","protected":false},"excerpt":{"rendered":"<p>Freundeskreis alter Haller Penn\u00e4ler e.V. Gymnasium bei St. Michael T\u00fcngentaler Stra\u00dfe 92 74523 Schw\u00e4bisch Hall &nbsp; Beitrittserkl\u00e4rung Ich bin bereit, dem Freundeskreis alter Haller Penn\u00e4ler e.V., Gymnasium bei St. Michael beizutreten mit einem Jahresbeitrag von 10,- EUR (f\u00fcr Mitglieder mit abgeschlossener Berufsausbildung). Kostenfrei (f\u00fcr Mitglieder, die noch in Berufsausbildung stehen). &nbsp; &nbsp; Die eingegebenen Formulardaten &hellip; <\/p>\n<p class=\"link-more\"><a href=\"https:\/\/www.freundeskreis-gsm-sha.de\/?page_id=38\" class=\"more-link\"><span class=\"screen-reader-text\">\u201eBeitrittserkl\u00e4rung\u201c<\/span> weiterlesen<\/a><\/p>\n","protected":false},"author":1,"featured_media":0,"parent":0,"menu_order":0,"comment_status":"closed","ping_status":"closed","template":"","meta":[],"_links":{"self":[{"href":"https:\/\/www.freundeskreis-gsm-sha.de\/index.php?rest_route=\/wp\/v2\/pages\/38"}],"collection":[{"href":"https:\/\/www.freundeskreis-gsm-sha.de\/index.php?rest_route=\/wp\/v2\/pages"}],"about":[{"href":"https:\/\/www.freundeskreis-gsm-sha.de\/index.php?rest_route=\/wp\/v2\/types\/page"}],"author":[{"embeddable":true,"href":"https:\/\/www.freundeskreis-gsm-sha.de\/index.php?rest_route=\/wp\/v2\/users\/1"}],"replies":[{"embeddable":true,"href":"https:\/\/www.freundeskreis-gsm-sha.de\/index.php?rest_route=%2Fwp%2Fv2%2Fcomments&post=38"}],"version-history":[{"count":32,"href":"https:\/\/www.freundeskreis-gsm-sha.de\/index.php?rest_route=\/wp\/v2\/pages\/38\/revisions"}],"predecessor-version":[{"id":140,"href":"https:\/\/www.freundeskreis-gsm-sha.de\/index.php?rest_route=\/wp\/v2\/pages\/38\/revisions\/140"}],"wp:attachment":[{"href":"https:\/\/www.freundeskreis-gsm-sha.de\/index.php?rest_route=%2Fwp%2Fv2%2Fmedia&parent=38"}],"curies":[{"name":"wp","href":"https:\/\/api.w.org\/{rel}","templated":true}]}}