{"id":27,"date":"2016-12-17T18:37:18","date_gmt":"2016-12-17T18:37:18","guid":{"rendered":"http:\/\/freundeskreis-gsm-sha.de\/?page_id=27"},"modified":"2018-05-24T14:53:23","modified_gmt":"2018-05-24T12:53:23","slug":"newsletter","status":"publish","type":"page","link":"https:\/\/www.freundeskreis-gsm-sha.de\/?page_id=27","title":{"rendered":"Newsletter"},"content":{"rendered":"<p>Wenn Sie den Newsletter des Gymnasiums bei St. Michael abonnieren, erhalten Sie regelm\u00e4\u00dfig Informationen und Berichte \u00fcber das aktuelle Geschehen an der Schule.<br \/>\n<br class=\u201cclear\u201c \/>  <\/p>\n<p><div class=\"tnp tnp-subscription\">\n<form method=\"post\" action=\"https:\/\/www.freundeskreis-gsm-sha.de\/?na=s\">\n\n<input type=\"hidden\" name=\"nr\" value=\"page\"><input type=\"hidden\" name=\"nlang\" value=\"\"><div class=\"tnp-field tnp-field-firstname\"><label for=\"tnp-1\">Vorname<\/label>\n<input class=\"tnp-name\" type=\"text\" name=\"nn\" id=\"tnp-1\" value=\"\" required><\/div>\n<div class=\"tnp-field tnp-field-surname\"><label for=\"tnp-2\">Familienname<\/label>\n<input class=\"tnp-surname\" type=\"text\" name=\"ns\" id=\"tnp-2\" value=\"\" required><\/div><div class=\"tnp-field tnp-field-email\"><label for=\"tnp-3\">E-Mailadresse<\/label>\n<input class=\"tnp-email\" type=\"email\" name=\"ne\" id=\"tnp-3\" value=\"\" required><\/div>\n<div class=\"tnp-field tnp-privacy-field\"><label><input type=\"checkbox\" name=\"ny\" required class=\"tnp-privacy\">&nbsp;Durch Abonnieren des Newsletters stimmen Sie der Datenschutzerkl\u00e4rung dieser Seite zu<\/label><\/div><div class=\"tnp-field tnp-field-button\"><input class=\"tnp-submit\" type=\"submit\" value=\"Newsletter abonnieren\" >\n<\/div>\n<\/form>\n<\/div>\n<\/p>\n<p><br class=\u201cclear\u201c \/><br \/>\n<FONT SIZE=\"2\">Um Sie im Newsletter pers\u00f6nlich ansprechen zu k\u00f6nnen, erheben wir neben der E-Mailadresse auch Ihren Vor- und Familiennamen.<br \/>\nHinweise zur Protokollierung der Anmeldung und zu Ihren Widerrufsrechten erhalten Sie in unserer <a href=\"https:\/\/www.freundeskreis-gsm-sha.de\/?page_id=21\">Datenschutzerkl\u00e4rung.<\/a><\/FONT><\/p>\n","protected":false},"excerpt":{"rendered":"<p>Wenn Sie den Newsletter des Gymnasiums bei St. Michael abonnieren, erhalten Sie regelm\u00e4\u00dfig Informationen und Berichte \u00fcber das aktuelle Geschehen an der Schule. Um Sie im Newsletter pers\u00f6nlich ansprechen zu k\u00f6nnen, erheben wir neben der E-Mailadresse auch Ihren Vor- und Familiennamen. Hinweise zur Protokollierung der Anmeldung und zu Ihren Widerrufsrechten erhalten Sie in unserer Datenschutzerkl\u00e4rung.<\/p>\n","protected":false},"author":1,"featured_media":0,"parent":0,"menu_order":0,"comment_status":"closed","ping_status":"closed","template":"","meta":[],"_links":{"self":[{"href":"https:\/\/www.freundeskreis-gsm-sha.de\/index.php?rest_route=\/wp\/v2\/pages\/27"}],"collection":[{"href":"https:\/\/www.freundeskreis-gsm-sha.de\/index.php?rest_route=\/wp\/v2\/pages"}],"about":[{"href":"https:\/\/www.freundeskreis-gsm-sha.de\/index.php?rest_route=\/wp\/v2\/types\/page"}],"author":[{"embeddable":true,"href":"https:\/\/www.freundeskreis-gsm-sha.de\/index.php?rest_route=\/wp\/v2\/users\/1"}],"replies":[{"embeddable":true,"href":"https:\/\/www.freundeskreis-gsm-sha.de\/index.php?rest_route=%2Fwp%2Fv2%2Fcomments&post=27"}],"version-history":[{"count":7,"href":"https:\/\/www.freundeskreis-gsm-sha.de\/index.php?rest_route=\/wp\/v2\/pages\/27\/revisions"}],"predecessor-version":[{"id":139,"href":"https:\/\/www.freundeskreis-gsm-sha.de\/index.php?rest_route=\/wp\/v2\/pages\/27\/revisions\/139"}],"wp:attachment":[{"href":"https:\/\/www.freundeskreis-gsm-sha.de\/index.php?rest_route=%2Fwp%2Fv2%2Fmedia&parent=27"}],"curies":[{"name":"wp","href":"https:\/\/api.w.org\/{rel}","templated":true}]}}