{"id":15,"date":"2016-12-17T17:59:41","date_gmt":"2016-12-17T17:59:41","guid":{"rendered":"http:\/\/freundeskreis-gsm-sha.de\/?page_id=15"},"modified":"2018-03-24T20:17:16","modified_gmt":"2018-03-24T20:17:16","slug":"impressum","status":"publish","type":"page","link":"https:\/\/www.freundeskreis-gsm-sha.de\/?page_id=15","title":{"rendered":"Impressum"},"content":{"rendered":"<p>Verantwortlich f\u00fcr den Inhalt dieser Internetseite:<\/p>\n<p>Gymnasium bei St. Michael<\/p>\n<p align=\"left\">Freundeskreis alter Haller Penn\u00e4ler e.V.<\/p>\n<p align=\"left\">T\u00fcngentalerstr. 92<\/p>\n<p align=\"left\">\u00a074523 Schw\u00e4bisch Hall<\/p>\n<p align=\"left\">\u00a0Telefon: 0791 \/ 93 24 00<\/p>\n<p align=\"left\">\u00a0Telefax: 0791 \/ 49 05 17<\/p>\n<p>&nbsp;<\/p>\n<p align=\"left\">Schulleitung:<\/p>\n<p align=\"left\">Schulleiter: Oberstudiendirektor Frank Nagel<\/p>\n<p align=\"left\">Stellvertretender Schulleiter: Studiendirektor Martin U. Drechsel<\/p>\n<p align=\"left\">Schultr\u00e4ger:<\/p>\n<p align=\"left\">Stadt Schw\u00e4bisch Hall<\/p>\n<p align=\"left\">Am Markt 6<\/p>\n<p align=\"left\">74523 Schw\u00e4bisch Hall<\/p>\n<p align=\"left\">Tel.: 0791 751-0<\/p>\n<p align=\"left\">Internet: <a href=\"http:\/\/www.schwaebischhall.de\" target=\"_blank\" rel=\"noopener\">www.schwaebischhall.de<\/a><\/p>\n<p align=\"left\">Zust\u00e4ndige Aufsichtsbeh\u00f6rde:<\/p>\n<p align=\"left\">Regierungspr\u00e4sidium Stuttgart<\/p>\n<p align=\"left\">Ruppmannstr. 21<\/p>\n<p align=\"left\">70565 Stuttgart<\/p>\n<p align=\"left\">Tel.: 0711 904-0<\/p>\n<p align=\"left\">Internet: <a href=\"http:\/\/www.rp.baden-wuerttemberg.de\" target=\"_blank\" rel=\"noopener\">www.rp.baden-wuerttemberg.de<\/a><\/p>\n<p>&nbsp;<\/p>\n","protected":false},"excerpt":{"rendered":"<p>Verantwortlich f\u00fcr den Inhalt dieser Internetseite: Gymnasium bei St. Michael Freundeskreis alter Haller Penn\u00e4ler e.V. T\u00fcngentalerstr. 92 \u00a074523 Schw\u00e4bisch Hall \u00a0Telefon: 0791 \/ 93 24 00 \u00a0Telefax: 0791 \/ 49 05 17 &nbsp; Schulleitung: Schulleiter: Oberstudiendirektor Frank Nagel Stellvertretender Schulleiter: Studiendirektor Martin U. Drechsel Schultr\u00e4ger: Stadt Schw\u00e4bisch Hall Am Markt 6 74523 Schw\u00e4bisch Hall Tel.: &hellip; <\/p>\n<p class=\"link-more\"><a href=\"https:\/\/www.freundeskreis-gsm-sha.de\/?page_id=15\" class=\"more-link\"><span class=\"screen-reader-text\">\u201eImpressum\u201c<\/span> weiterlesen<\/a><\/p>\n","protected":false},"author":1,"featured_media":0,"parent":11,"menu_order":0,"comment_status":"closed","ping_status":"closed","template":"","meta":[],"_links":{"self":[{"href":"https:\/\/www.freundeskreis-gsm-sha.de\/index.php?rest_route=\/wp\/v2\/pages\/15"}],"collection":[{"href":"https:\/\/www.freundeskreis-gsm-sha.de\/index.php?rest_route=\/wp\/v2\/pages"}],"about":[{"href":"https:\/\/www.freundeskreis-gsm-sha.de\/index.php?rest_route=\/wp\/v2\/types\/page"}],"author":[{"embeddable":true,"href":"https:\/\/www.freundeskreis-gsm-sha.de\/index.php?rest_route=\/wp\/v2\/users\/1"}],"replies":[{"embeddable":true,"href":"https:\/\/www.freundeskreis-gsm-sha.de\/index.php?rest_route=%2Fwp%2Fv2%2Fcomments&post=15"}],"version-history":[{"count":2,"href":"https:\/\/www.freundeskreis-gsm-sha.de\/index.php?rest_route=\/wp\/v2\/pages\/15\/revisions"}],"predecessor-version":[{"id":99,"href":"https:\/\/www.freundeskreis-gsm-sha.de\/index.php?rest_route=\/wp\/v2\/pages\/15\/revisions\/99"}],"up":[{"embeddable":true,"href":"https:\/\/www.freundeskreis-gsm-sha.de\/index.php?rest_route=\/wp\/v2\/pages\/11"}],"wp:attachment":[{"href":"https:\/\/www.freundeskreis-gsm-sha.de\/index.php?rest_route=%2Fwp%2Fv2%2Fmedia&parent=15"}],"curies":[{"name":"wp","href":"https:\/\/api.w.org\/{rel}","templated":true}]}}